 - d + 71, d = i - 53. What is the remainder when i is divided by 13?
9
Suppose -2*x + 11 = l, 10 = l - 5*x + 27. Let j(u) = 3*u**2 - 4*u. Calculate the remainder when j(l) is divided by -5 + 4 + -2 + 9.
3
Let w(f) = 9*f - 6. Suppose 0 = 2*z + 2*z + 4. Let t(s) = 1. Let g(p) = z*w(p) - 6*t(p). Calculate the remainder when 17 is divided by g(-1).
8
Let b(i) = 3*i**3 - i + 1. Let z = 12 + 28. Suppose -4*v - z = -9*v. What is the remainder when b(2) is divided by v?
7
What is the remainder when 392 + 5/(-1) + 4 is divided by 49?
48
Let r = 16 + 4. Let y = r + -14. Let b = -16 - -26. Calculate the remainder when b is divided by y.
4
Let m = 3 - 0. Let h(v) = v**3 + 12*v**2 + 13*v + 26. What is the remainder when h(-11) is divided by m?
1
Let c(i) = -i + 5. Calculate the remainder when c(-12) is divided by 5.
2
Suppose -14 = -y - 5. Let l(d) = d**3 - 9*d**2 + d + 6. Let v = 82 - 54. Calculate the remainder when v is divided by l(y).
13
Let f(n) = -n**2 - 5*n - 2. Let c be f(-5). Suppose 3*u = 4 + 5, -5*w + 62 = -u. Calculate the remainder when (-1)/c + 150/4 is divided by w.
12
Let k(a) = a**3 + 5*a**2 + 5*a + 3. What is the remainder when 16 is divided by k(-3)?
4
Let m = -243 + 257. What is the remainder when 4/(-6) - 167/(-3) is divided by m?
13
Let c be (-4)/(-8) + 246/4. Let n = 108 - c. Let o = -59 - -83. Calculate the remainder when n is divided by o.
22
What is the remainder when 14 is divided by 3/(-18)*2*-12?
2
Suppose 4*k + 4*q = 428, k - 2*q - 82 = 2*q. What is the remainder when k is divided by 26?
24
Let a = 1 + 3. Suppose 0 = 5*m - 3*m - 5*k - 19, m - 5 = k. Calculate the remainder when (6/a)/(10/20) is divided by m.
1
Suppose -5*g + 48 = 4*n, g + 0*g - 4*n = 0. What is the remainder when 26 is divided by g?
2
Suppose m = 3*t - 4*t + 14, -2*m + 3*t + 8 = 0. What is the remainder when m is divided by 5?
0
Let w(t) = t**3 + 7*t**2 - 21. Let l(f) = -29*f - 1. Suppose -1 = x - 0*x. What is the remainder when l(x) is divided by w(-6)?
13
Let z be -13 - 9/(-1 + -2). Let w = -6 - z. Let g = -12 + 23. What is the remainder when g is divided by w?
3
Calculate the remainder when (3 - 1)/((-4)/(-24)) is divided by 9.
3
Suppose 3*r = 3*f + 21, -15 = -2*f - f. What is the remainder when 21 is divided by r?
9
Let u(x) be the third derivative of x**4/24 - x**2. Let q be u(0). Suppose -3*f = 6, q = 4*l - 5*f - 0*f - 30. What is the remainder when l is divided by 3?
2
Suppose -3*i - i + 2*b = -12, 0 = -2*i - 2*b. Suppose r - 3*r = -j + i, 5*r = j + 1. Calculate the remainder when (r/2)/(3/240) is divided by 14.
12
Let v be -1 + (-1 - -2) + -2. Calculate the remainder when v*1/6*-57 is divided by 10.
9
Suppose 0 = 5*n + 10 - 55. What is the remainder when 51 is divided by n?
6
Let k(z) = z + 3. Let x be k(-7). Let n be 0 + (-2 - x*1). Suppose -2*m - 36 = -3*r - 3*m, n*m + 5 = r. What is the remainder when 21 is divided by r?
10
Let n = 35 + -13. Suppose 0 = 4*c - 3*x + 3, 3*c + 2*x + 6 = 25. Suppose c*a - o = 17 + 5, -10 = -2*a + 3*o. Calculate the remainder when n is divided by a.
6
Let t(j) = -j**2 + 8*j - 5. Suppose 2*m - 4 = -0*m. What is the remainder when t(7) is divided by m?
0
Let j(l) = 16*l**3 - l**2. Suppose 0 = -5*i + 4 + 1. Calculate the remainder when 57 is divided by j(i).
12
Suppose -p = 4*c, -2*c - 4 = 5*p - 22. Suppose 2*a = 5*s - 25, -4*s + p*a = -4 - 4. What is the remainder when s is divided by 3?
1
Suppose 0 = 5*c - 54 + 19. What is the remainder when 20 is divided by c?
6
Suppose 2*c - 14 = 4*l, -4*c = -0*l - 2*l - 16. Suppose -52 = -c*r - h - 8, 4*h = -4. Calculate the remainder when 43 is divided by r.
13
Suppose -2*q + 3 = o, o - 4 = -4*q + 3*q. What is the remainder when o is divided by 2?
1
Let i(v) = 45*v**3 - v**2. Let w be i(-1). Let o = -30 - w. What is the remainder when 47 is divided by o?
15
Suppose -10 + 130 = 3*v. Suppose 7*l = 2*l - v. Calculate the remainder when 30 is divided by (-46)/(-3) + l/(-12).
14
Let y(h) = -h. Let x be y(4). Calculate the remainder when 67 is divided by (-138)/(-4) + (-2)/x.
32
Let a(d) = -3*d**3 - 6*d**2 + 5*d + 3. What is the remainder when a(-3) is divided by 2?
1
Suppose 3*r + 29 = -7. What is the remainder when 35 is divided by 16 - (-1)/((-4)/r)?
16
Suppose -8 - 15 = -l. What is the remainder when 67 is divided by l?
21
Let r = 2 + 0. Let x(k) = 2*k + 1. Let g(q) = q + 1. What is the remainder when x(r) is divided by g(2)?
2
Suppose 56 = q + 2*n, -q + 4*n - 8*n + 58 = 0. Calculate the remainder when q is divided by 20.
14
Let d = 100 - 92. Let o(y) = y**2 - 4*y. What is the remainder when o(-3) is divided by d?
5
Let d(n) = -n**2 - 10*n - 5. What is the remainder when 53 is divided by d(-4)?
15
Let a(s) = 110*s**3 - 2*s**2 + 2*s. Calculate the remainder when a(1) is divided by 28.
26
Let l = -10 - -14. Suppose 4*p = -5*q + 20, 0*q - q - 2*p = -l. Suppose -3*s = h - 10, 0 = -4*h + h - s + 22. What is the remainder when h is divided by q?
3
What is the remainder when (2093/(-14)*1)/((-1)/2) is divided by 60?
59
Suppose 34 = 3*a - 77. Let d be 0 + 22 + 2 + -2. Let m = a - d. Calculate the remainder when 44 is divided by m.
14
Let n(h) = 3*h**2 - 1 + 6 - 11*h - 2*h**2 + h. What is the remainder when n(10) is divided by 4?
1
Suppose 3*p + 3*y - 44 = 5*y, 0 = p + y - 13. What is the remainder when 67 is divided by p?
11
Let i = 28 + -7. What is the remainder when i is divided by 11?
10
Suppose 0 = o + 4 - 25. Suppose -o - 39 = -4*t. Calculate the remainder when 27 is divided by t.
12
Let t(k) = k**3 - 9*k**2 - 10*k + 10. Let n be t(10). What is the remainder when 21 is divided by n*4/((-20)/(-3))?
3
Suppose 5*s = s + 80. Let l = -4 - -6. What is the remainder when s is divided by -1 + (2 - l) - -8?
6
Let t(s) be the first derivative of -1 + 0*s**2 + 0*s + 2/3*s**3. What is the remainder when 35 is divided by t(-3)?
17
Suppose -2*t + z + 20 = -z, 4*z - 14 = -5*t. Let p(d) = d - 3. Calculate the remainder when t is divided by p(5).
0
Suppose 2*l = -2*l - 12. Let q(g) = -5*g**3 + g**2 - 4*g + 1. Let j be q(l). Suppose 5*x - j = 43. Calculate the remainder when x is divided by 14.
12
Let g(w) = 6 + 0*w - 2 + 2*w. Let o be g(-3). Calculate the remainder when 11 is divided by 1*o/(-4)*12.
5
What is the remainder when 315/6 + 12/(-8) is divided by 26?
25
Let v be 47 + -2 + -6 + 3. Suppose -4*s + 2*s = 5*a - 52, 4*a = -2*s + v. Let x = -6 + 35. What is the remainder when x is divided by a?
9
Suppose -4*i = 6 - 262. Suppose 2*v = -2*v + i. What is the remainder when v is divided by 6?
4
Let c(n) = -n**2 + 3*n - 6. Let v be c(4). Let z = 7 + v. Let d = 8 + z. What is the remainder when d is divided by 4?
1
Let t(h) = h**2 - 7*h + 3. Let i be t(7). Suppose 0 = i*r - 65 - 73. Calculate the remainder when r is divided by 16.
14
Calculate the remainder when 22 is divided by (11 + 1 - 4)*1.
6
Let p(x) = -x**2 - 8*x - 4. Calculate the remainder when 41 is divided by p(-5).
8
Suppose -3*c + 5 = s - 25, -4*c + 50 = -2*s. Suppose 74 = 5*k - 31. Calculate the remainder when k is divided by c.
10
Suppose 1 = a - 131. Suppose -a - 43 = -5*t. Suppose 0 = 6*v - v - t. What is the remainder when 13 is divided by v?
6
Let r(j) = 2*j**2 - 5*j - 4. Let u(p) = -p**3 + 9*p**2 - p + 13. Let g be u(9). Let c(d) = -22*d. Calculate the remainder when c(-1) is divided by r(g).
6
Let v(m) = 50*m - 3. Calculate the remainder when v(2) is divided by 25.
22
Let g = -12 + 62. Calculate the remainder when g is divided by 13.
11
Let g(l) = 5*l**2 - 2*l - 3. What is the remainder when g(-2) is divided by 11?
10
Suppose -30 = 4*r - 6*r. What is the remainder when 57 is divided by r?
12
Let c be 2 + -8 + 1 + -1. Let n(u) = -u + 5. What is the remainder when 43 is divided by n(c)?
10
Suppose -5*t + 38 = -47. Let b(p) = 6*p + 13*p - 6 - 2*p + 2*p. What is the remainder when b(2) is divided by t?
15
Suppose 0 = -2*b + 23 + 53. Let f = -14 + b. What is the remainder when f is divided by 13?
11
Let s(x) = x - 5. Let j be s(10). Suppose 4 = j*p + 9, -p + 151 = 4*c. What is the remainder when c is divided by 20?
18
Let c(r) = -r**3 + 6*r**2 - 4*r - 3. Let z = 8 - 3. What is the remainder when c(3) is divided by z?
2
Suppose 5*q = 42 + 328. What is the remainder when q is divided by (-14)/84*(-150)/1?
24
Suppose 3*k - 5 = 3*f + 13, 23